+ 682. Is y a prime number?
False
Let b be (-2 - -4)/(-10) - 9095/25. Let j(q) = 236*q + 3. Let s be j(3). Let w = s + b. Is w composite?
False
Suppose 108752 = -10*h + 26*h. Is h prime?
False
Suppose -4*x + 51639 = 5*q, -x + 20658 = -45*q + 47*q. Is q composite?
False
Suppose -2*t + 186 = -718. Suppose -4*w - t = -7*w - 5*u, -4*w + 3*u = -651. Is (w + -1)/(1 - -1) composite?
False
Suppose 4*w = -3*o - 31, 0*w + 10 = -w - 3*o. Let n be 23 - (16/4 + w). Suppose 2*u - n - 194 = -2*h, -h = -3*u + 314. Is u a prime number?
False
Let x(s) = -33*s - 7. Let l(p) = -66*p - 14. Let m(y) = 4*l(y) - 7*x(y). Is m(-18) prime?
True
Let d(l) = 54*l**2 + 7. Let z be d(3). Let u = z - -6. Is u prime?
True
Let k = 1629 - 676. Let y = 2608 - k. Is y a composite number?
True
Let w = 11875 + 2052. Is w a composite number?
True
Suppose 2 = 2*o, -3*v - 13 = -7*v - o. Let l(q) = -q + 5. Let y be l(v). Suppose k - 2*k + 4*z = -297, -y*k = 4*z - 582. Is k a prime number?
True
Let b = -15 + 3. Is 873/b*(-44)/3 composite?
True
Suppose -o + 8413 = 3*t - 17142, 5*o + 5*t - 127795 = 0. Is o prime?
True
Is (15*9/135)/((-2)/(-18754)) composite?
False
Let q(n) = 378*n**2 + 55*n - 456. Is q(7) a composite number?
False
Suppose 6*l - 8273 = 3*l + 2*a, 4*a = -3*l + 8285. Is l prime?
False
Suppose -5*w = 5*m - 164770, 0*w = -4*w + 2*m + 131834. Is w composite?
False
Suppose 15 = 2*q + 9. Let i be 694/(-1 - (-3 + q)). Let h = -321 - i. Is h a composite number?
False
Let a(f) = 1891*f**2 + 3*f - 3. Let x be a(1). Suppose 19*y - 20*y = -x. Is y a prime number?
False
Let j = -34733 - -59332. Is j a prime number?
False
Let m be 7 + -10 + (6 - 0). Suppose 0 = m*l + 3, -p + 5011 = 4*p + 4*l. Is p a prime number?
False
Suppose -6*r + 2*r + 16 = 0. Suppose 3*j = -x - x + 646, -5*j + 1074 = r*x. Is j a composite number?
True
Let w be (-6771)/(-9) - 1/3. Suppose 0 = 3*p - b - w, -b = 3*p + b - 755. Is p a prime number?
True
Let z = -1 + 299. Suppose -5*p + 29 = 4. Is (z/p)/((-16)/(-40)) prime?
True
Suppose -10*h + 12070 = -9*h + 3*j, 5*j + 36280 = 3*h. Is h prime?
False
Suppose -25*k = -11*k - 512498. Is k composite?
False
Let z = 1888 + -269. Is z a prime number?
True
Let q(x) be the third derivative of x**5/20 - 7*x**4/6 + 5*x**3/2 + 26*x**2. Is q(14) prime?
True
Let k = 292 + -149. Suppose 139*m = k*m - 988. Is m a prime number?
False
Suppose 0 = -3*w + 7*w - 4*y - 24, 2*y = 3*w - 16. Suppose 0*x - 5*x = -w*m - 1322, 3*m = 4*x - 1057. Is x a prime number?
False
Let m(p) = 23 + 92*p - 13 + 12*p + 49. Is m(18) a prime number?
True
Suppose 0 = -2*i - 1941 + 30427. Is i a composite number?
False
Let z be (35/(-15) + 3)/(2/1671). Let r = 74 + z. Is r composite?
False
Let b(s) be the first derivative of -8*s + 4 + 2/3*s**3 + 7/2*s**2. Is b(6) a composite number?
True
Suppose -3*m - 2*m + 5*p + 1530 = 0, 0 = -5*m + 4*p + 1525. Suppose 2*q - m - 319 = 0. Suppose 6*d - 584 = q. Is d prime?
True
Let l(t) = t**2 - 10*t - 8. Let i(w) = w**2 + 9*w + 1. Let m be i(-10). Let o be l(m). Suppose o*y - 64 = -5*g, 2*g - 44 = -4*y + 2*y. Is y prime?
True
Let k(r) = 3*r + 9. Let z(h) = -h + 3. Let x be z(-23). Is k(x) composite?
True
Suppose 4*s - 7 = 5. Suppose -5*w + 6 = i - 9, 5*w + 3*i = 5. Suppose w*r - 87 = s*r. Is r composite?
True
Let s = 50 + -36. Suppose s*r - 9*r - 3145 = 0. Is r a composite number?
True
Let q(k) = 56*k**2 - k + 16. Let d be 28/(-8)*4/(-2)*-1. Is q(d) a prime number?
True
Let t be 3985/7 + (-4)/14. Let n = -190 + t. Is n a composite number?
False
Suppose -4*q + 6*q - 2589 = -3*w, 2*w = -4*q + 1718. Is w a prime number?
False
Let i(t) = -3*t**3 - 19*t**2 - 7*t + 33. Is i(-8) prime?
True
Let x(z) = -2*z - 3*z - 5 + 5 - 7. Let h be x(-8). Let v = h - -73. Is v composite?
True
Let q be (11 - 5)/(1/55). Is (1 - 0)/(-1) + q a prime number?
False
Let a be (-32)/6*(-27)/18. Let l be -29*(a/(-4) - -9). Is (-1 - (3 + -3))*l prime?
False
Is 2 - ((-5960358)/78 - 8/52) composite?
True
Let g(p) = p**2 + 4. Let t be g(0). Suppose 0 = t*x - 15 + 7. Suppose -4153 = -3*r - 2*o, -4*o = -0*r + x*r - 2782. Is r a composite number?
False
Suppose 5*t - k - 2394 = 3*t, -3*k = -2*t + 2386. Suppose -4*l + 5*y = -t, 0 = 3*l - 2*y - 666 - 235. Suppose 3*r - l = 146. Is r a prime number?
True
Let d(h) = -28*h - 5 + 0 - 70*h + 2. Is d(-7) a prime number?
True
Let j = 19 + 58. Suppose 0 = 5*n - 2*h - 63 + 243, h = 4*n + 141. Let x = n + j. Is x composite?
False
Let u = -519 - -4598. Is u a composite number?
False
Let r = -581 - -876. Is r composite?
True
Let g(a) = 9*a**2 - 12*a - 44. Is g(15) a composite number?
False
Suppose 6*b - 8439 = -417. Is b a composite number?
True
Let o(v) = 3718*v + 11. Is o(2) a prime number?
False
Let b(r) = -6*r - 5. Let t(s) = 2*s - 2. Let l be t(-9). Let j = l + 13. Is b(j) a prime number?
True
Let w(k) = -2 + 13*k - 4 - 10*k - 2*k. Let b be w(-4). Is (-211)/((b/(-6))/(-5)) a composite number?
True
Let s be 4*(-15)/(-80)*8. Suppose 0 = -s*j + 2*j + 2588. Is j a prime number?
True
Let f = 12940 - 1155. Is f prime?
False
Suppose f + 85504 = 3*n, -5*f + 56997 = 17*n - 15*n. Is n a prime number?
False
Suppose 2*r = 5*g - 17, -4*r - 6 = -5*g + 3. Is r a composite number?
True
Is (56/(-7))/(-72) + (-26116)/(-18) a composite number?
False
Suppose 0 = -o - 4*o - 245. Let z = o + -36. Let x = z + 140. Is x composite?
True
Suppose -424*b = -429*b + 12945. Is b a composite number?
True
Let b(w) = w**3 + 5*w**2 - 8*w - 8. Let x be b(-6). Suppose -2*v + 20 = -5*f - 4, -f = x. Suppose v*y + 122 = 556. Is y prime?
False
Let a(t) = t**3 - 21*t**2 - 28*t + 31. Let g be a(24). Let n = 64 + g. Is n composite?
False
Suppose 3*u - 73 = -7. Suppose -4*y + 2 = u, 0 = -3*a - 2*y - 1. Suppose -a*s - 67 = -4*s. Is s a composite number?
False
Suppose u = -5*c + 45636, 5*c + 3*u - 40791 = 4847. Is c composite?
False
Suppose -5*z - 469 = m, -z - 99 = -7*m + 2*m. Let d = 186 - z. Suppose -5*t = 5*u - d, 4*t - 122 = u + 97. Is t a composite number?
True
Let x be 10/2*(-1 - -2). Let q = 10 - x. Let h(f) = 2*f**3 + 6*f**2 - f - 2. Is h(q) prime?
False
Let w be 7*((-30)/(-21))/5. Suppose -3*a + w*l = -7*a + 946, -3*a - 3*l = -705. Suppose t - 217 = 2*s, 3*s + 193 + a = 2*t. Is t composite?
False
Suppose 3*w - k = 94596, 5*w = -2*k + 21795 + 135854. Is w a composite number?
False
Let a = -10 - -10. Suppose a*m - 80 = 2*m. Is 953/5 + (-16)/m composite?
False
Let t(r) = 103*r**2 + r - 7. Let v = 2 - -1. Is t(v) composite?
True
Let b be (-15606)/(-8) + 4 - 3/4. Let z = 7409 - b. Is z a composite number?
True
Suppose 2*j + 6441 = 4*j + 3*o, 0 = 2*o + 6. Suppose -1203 = 6*q - j. Is q a prime number?
True
Let b = 1509 - 296. Is b composite?
False
Let o = -96506 + 150933. Is o a prime number?
False
Let y(w) = w**2 - 4*w + 3. Let r be y(3). Let s = r - -13. Suppose -s = -2*m + 7. Is m a prime number?
False
Let b = 202 - -56. Let f be (-178 - 1)*(1 - 0). Let y = f + b. Is y composite?
False
Suppose 3*g + m - 4 - 5 = 0, m = 2*g - 6. Let c be 1*1*(1 + 1). Suppose -c*n - g*h = -33, -4*n + 4*h + 85 = -11. Is n composite?
True
Let q(h) = -88*h + 83. Is q(-20) a composite number?
True
Let s = 1 + -2. Let l be (3 + (-3 - 5))/s. Suppose -k - 2*p = 2*k - 589, 0 = 3*k - l*p - 617. Is k prime?
True
Let h(b) = 778*b - 29. Is h(9) a prime number?
False
Suppose 0 = -19*f + 13*f + 33486. Is f composite?
False
Let o be (-26)/(-6) + (-3)/9. Suppose 4*z + i = o, 4*z + 20 = 4*i + i. Suppose z = -2*k + f + 416, 0 = -2*k - 0*k - 5*f + 428. Is k a prime number?
False
Suppose 0 = -k - 2, 3*y - 12 = 3*k. Let b be y + (0 - 8)/(-4). Suppose 5*h - 21 = b*h. Is h composite?
True
Suppose s = 9 - 17. Is (-5060)/s - 6/4 a composite number?
False
Suppose 0 = 2*x + y - 7, 0 = -4*x + 3*x + 4*y + 8. Suppose 5*t + 1248 = x*k, -5*k + 3*t = -t - 1569. Suppose -191 - k = -4*a. Is a a composite number?
False
Let m = 3 + 2. Let w = m + -13. Is ((-620)/w + -3)*2 a composite number?
False
Suppose -3*h + 4*a + 8 = 0, 8*h + 4*a = 3*h + 56. Suppose -5*t + 76 = -2*n, 3*t - 54 = h*n - 4*n. Is (-5 - 1)/((-4)/t) a prime number?
False
Suppose 7*v - 4*v + 60 = 0. Let r be (-5386)/14 - (-4)/(-14). Is r/v - 1/4 prime?
True
Is 59850 + (8 - -14)/(-2) a composite number?
True
Let y = 69 + 89. Let c = 156 + y. Is c a prime number?
False
Let o(g) = 582*g**2 + 2*g - 5. Let b(